git of 15226?
1
What is the thousands digit of 10847?
0
What is the units digit of 1507?
7
What is the thousands digit of 31706?
1
What is the units digit of 73875?
5
What is the tens digit of 9747?
4
What is the units digit of 26077?
7
What is the tens digit of 54425?
2
What is the hundreds digit of 982?
9
What is the thousands digit of 9082?
9
What is the thousands digit of 12420?
2
What is the units digit of 984?
4
What is the hundreds digit of 17177?
1
What is the thousands digit of 10044?
0
What is the units digit of 2992?
2
What is the units digit of 495?
5
What is the thousands digit of 1116?
1
What is the thousands digit of 3971?
3
What is the thousands digit of 60383?
0
What is the tens digit of 24469?
6
What is the thousands digit of 1618?
1
What is the thousands digit of 10206?
0
What is the thousands digit of 2635?
2
What is the tens digit of 392?
9
What is the tens digit of 141?
4
What is the thousands digit of 6810?
6
What is the hundreds digit of 1593?
5
What is the units digit of 48601?
1
What is the thousands digit of 44092?
4
What is the tens digit of 2913?
1
What is the tens digit of 15973?
7
What is the tens digit of 14253?
5
What is the tens digit of 2442?
4
What is the units digit of 4231?
1
What is the hundreds digit of 1849?
8
What is the hundreds digit of 50708?
7
What is the ten thousands digit of 67390?
6
What is the thousands digit of 2506?
2
What is the hundreds digit of 4815?
8
What is the hundreds digit of 1372?
3
What is the thousands digit of 3733?
3
What is the units digit of 25864?
4
What is the hundreds digit of 4420?
4
What is the tens digit of 438?
3
What is the units digit of 2504?
4
What is the units digit of 3139?
9
What is the hundreds digit of 9950?
9
What is the hundreds digit of 689?
6
What is the thousands digit of 2500?
2
What is the hundreds digit of 2355?
3
What is the hundreds digit of 4775?
7
What is the thousands digit of 1370?
1
What is the tens digit of 39064?
6
What is the ten thousands digit of 15580?
1
What is the thousands digit of 2004?
2
What is the ten thousands digit of 76426?
7
What is the tens digit of 1217?
1
What is the tens digit of 52375?
7
What is the thousands digit of 23817?
3
What is the thousands digit of 108142?
8
What is the tens digit of 8029?
2
What is the thousands digit of 51392?
1
What is the hundreds digit of 749?
7
What is the units digit of 10358?
8
What is the hundreds digit of 45186?
1
What is the ten thousands digit of 159474?
5
What is the ten thousands digit of 24232?
2
What is the units digit of 7672?
2
What is the tens digit of 14068?
6
What is the tens digit of 2115?
1
What is the thousands digit of 1799?
1
What is the thousands digit of 9963?
9
What is the units digit of 2443?
3
What is the ten thousands digit of 37789?
3
What is the thousands digit of 2236?
2
What is the thousands digit of 71241?
1
What is the thousands digit of 19274?
9
What is the tens digit of 35?
3
What is the thousands digit of 3747?
3
What is the hundreds digit of 36472?
4
What is the hundreds digit of 362?
3
What is the units digit of 780?
0
What is the units digit of 13976?
6
What is the units digit of 6718?
8
What is the hundreds digit of 1211?
2
What is the thousands digit of 4425?
4
What is the hundreds digit of 7506?
5
What is the ten thousands digit of 15402?
1
What is the units digit of 103?
3
What is the units digit of 856?
6
What is the ten thousands digit of 86630?
8
What is the units digit of 10457?
7
What is the thousands digit of 1885?
1
What is the hundreds digit of 24982?
9
What is the hundreds digit of 2458?
4
What is the ten thousands digit of 121156?
2
What is the units digit of 825?
5
What is the units digit of 26777?
7
What is the ten thousands digit of 119484?
1
What is the thousands digit of 3476?
3
What is the tens digit of 658?
5
What is the ten thousands digit of 29002?
2
What is the hundreds digit of 916?
9
What is the units digit of 5768?
8
What is the units digit of 70836?
6
What is the units digit of 22?
2
What is the hundreds digit of 13040?
0
What is the units digit of 5666?
6
What is the tens digit of 3332?
3
What is the hundreds digit of 43756?
7
What is the units digit of 331?
1
What is the hundreds digit of 20631?
6
What is the tens digit of 2250?
5
What is the thousands digit of 8757?
8
What is the units digit of 95521?
1
What is the hundreds digit of 2899?
8
What is the units digit of 4035?
5
What is the units digit of 2068?
8
What is the hundreds digit of 236?
2
What is the tens digit of 6532?
3
What is the units digit of 33619?
9
What is the hundreds digit of 8495?
4
What is the tens digit of 279?
7
What is the hundreds digit of 1934?
9
What is the thousands digit of 42751?
2
What is the units digit of 15367?
7
What is the units digit of 7736?
6
What is the hundreds digit of 365?
3
What is the units digit of 5282?
2
What is the tens digit of 1173?
7
What is the tens digit of 7260?
6
What is the hundreds digit of 13258?
2
What is the units digit of 250?
0
What is the units digit of 471?
1
What is the thousands digit of 21052?
1
What is the tens digit of 56141?
4
What is the tens digit of 1563?
6
What is the units digit of 1974?
4
What is the tens digit of 776?
7
What is the thousands digit of 44320?
4
What is the hundreds digit of 2984?
9
What is the tens digit of 11061?
6
What is the thousands digit of 2092?
2
What is the thousands digit of 5992?
5
What is the tens digit of 14068?
6
What is the units digit of 575?
5
What is the hundreds digit of 26377?
3
What is the thousands digit of 49173?
9
What is the hundreds digit of 6053?
0
What is the tens digit of 1608?
0
What is the ten thousands digit of 72207?
7
What is the hundreds digit of 10975?
9
What is the hundreds digit of 1345?
3
What is the thousands digit of 31511?
1
What is the hundreds digit of 100?
1
What is the thousands digit of 9770?
9
What is the tens digit of 553?
5
What is the units digit of 68909?
9
What is the thousands digit of 21674?
1
What is the units digit of 16112?
2
What is the tens digit of 42294?
9
What is the hundreds digit of 984?
9
What is the thousands digit of 9808?
9
What is the tens digit of 12615?
1
What is the thousands digit of 42664?
2
What is the thousands digit of 46959?
6
What is the units digit of 5706?
6
What is the hundreds digit of 5346?
3
What is the units digit of 1686?
6
What is the tens digit of 31598?
9
What is the thousands digit of 1133?
1
What is the units digit of 191938?
8
What is the units digit of 2614?
4
What is the hundreds digit of 4147?
1
What is the tens digit of 1480?
8
What is the ten thousands digit of 38858?
3
What is the tens digit of 14426?
2
What is the units digit of 5858?
8
What is the tens digit of 981?
8
What is the units digit of 927?
7
What is the tens digit of 49307?
0
What is the thousands digit of 5285?
5
What is the hundreds digit of 1831?
8
What is the units digit of 1056?
6
What is the tens digit of 82188?
8
What is the tens digit of 23199?
9
What is the units digit of 42173?
3
What is the thousands digit of 5969?
5
What is the thousands digit of 2185?
2
What is the tens digit of 759?
5
What is the units digit of 704?
4
What is the units digit of 11353?
3
What is the units digit of 53265?
5
What is the hundreds digit of 722?
7
What is the hundreds digit of 1287?
2
What is the hundreds digit of 917?
9
What is the tens digit of 891?
9
What is the units digit of 4931?
1
What is the hundreds digit of 16299?
2
What is the units digit of 46455?
5
What is the units digit of 8586?
6
What is the tens digit of 56621?
2
What is the hundreds digit of 8209?
2
What is the hundreds digit of 2066?
0
What is the hundreds digit of 1338?
3
What is the hundreds digit of 1075?
0
What is the units digit of 29172?
2
What is the units digit of 21686?
6
What is the thousands digit of 3529?
3
What is the hundreds digit of 6025?
0
What is the hundreds digit of 2990?
9
What is the hundreds digit of 17189?
1
What is the tens digit of 31085?
8
What is the units digit of 2468?
8
What is the ten thousands digit of 10016?
1
What is the thousands digit of 30441?
0
What is the hundreds digit of 9456?
4
What is the units digit of 1433?
3
What is the ten thousands digit of 26076?
2
What is the units digit of 8785?
5
What is the tens digit of 23